0?
450878344
In base 5, what is -1230332 + -3434?
-1234321
In base 2, what is 1101110010100101111 - 1000100001?
1101110001100001110
In base 14, what is -4292c52 + -2?
-4292c54
In base 5, what is 2211 + 342143?
344404
In base 16, what is 13 + -13dbf?
-13dac
In base 11, what is 217625 + -68?
217568
In base 8, what is -4 - 25327422?
-25327426
In base 6, what is -3 - 32553051?
-32553054
In base 13, what is 112 - 400c18?
-400b06
In base 6, what is 3202332342 - -5?
3202332351
In base 11, what is 5 - -2140957?
2140961
In base 7, what is 1 - -5613044165?
5613044166
In base 6, what is 3 + 20234410?
20234413
In base 16, what is -382537 - -7?
-382530
In base 6, what is 502 - -1121552?
1122454
In base 11, what is 183a420 - -1a?
183a43a
In base 16, what is a37c75 + 1b?
a37c90
In base 13, what is 1c62a + 23a?
1c867
In base 8, what is -22216343 + 65?
-22216256
In base 12, what is -1a652 - -12aa?
-19364
In base 8, what is 12423724642 + 0?
12423724642
In base 13, what is 8 - 3788440?
-3788435
In base 9, what is 14513 + 10274?
24787
In base 3, what is -1102012 - 21222211?
-100102000
In base 4, what is -2021120100 + 2323?
-2021111111
In base 6, what is 20314 - 2545?
13325
In base 13, what is -5 + 375c7b?
375c76
In base 2, what is -110010011101000 + -1101111100?
-110100001100100
In base 6, what is 3335 - -111310?
115045
In base 7, what is -342356353 + -1?
-342356354
In base 11, what is aa97 - 5353?
5744
In base 6, what is 1144 + 11045020?
11050204
In base 14, what is 982a15 - 10?
982a05
In base 3, what is 22 + -210022112010?
-210022111211
In base 2, what is 10 + 111101001001011011010110?
111101001001011011011000
In base 16, what is 5 + 42c384?
42c389
In base 8, what is 44 + 1476515?
1476561
In base 3, what is 200011020 + -121101?
122112212
In base 12, what is 139765 - -51?
1397b6
In base 5, what is -10040313142230 - 10?
-10040313142240
In base 5, what is -132 - -10221443333?
10221443201
In base 16, what is -b2e + 540?
-5ee
In base 3, what is -1111221 - -2212101212?
2210212221
In base 13, what is 17849c - -9?
1784a8
In base 9, what is 8056033 + -17?
8056015
In base 5, what is -231420 + -34233?
-321203
In base 14, what is 213591d6 + 2?
213591d8
In base 9, what is -1515766 - -1121?
-1514645
In base 6, what is -314225 + -10122?
-324351
In base 13, what is -7 - -30c445?
30c43b
In base 7, what is 2305 + 362012?
364320
In base 4, what is -21220223 + -113321?
-22000210
In base 4, what is -11 - -202202100130?
202202100113
In base 11, what is 51132 + 48?
5117a
In base 14, what is -127 + 3545d?
35336
In base 11, what is -4 - 1927835?
-1927839
In base 14, what is -22d920b1 - 4?
-22d920b5
In base 12, what is 5 + -77a926?
-77a921
In base 9, what is -38173 - 4?
-38177
In base 9, what is 12 + 1636215?
1636227
In base 16, what is 55f - -55d?
abc
In base 16, what is 13e1f3 + -5?
13e1ee
In base 2, what is -101000010100011 + -100001100?
-101000110101111
In base 13, what is 2220958c - 2?
2220958a
In base 14, what is d - -bd6629?
bd6638
In base 9, what is -8674863 - 136?
-8675110
In base 3, what is 10110 - 11111220102011?
-11111220021201
In base 10, what is 1 + -47102001?
-47102000
In base 13, what is -6c6c1 + 437?
-6c287
In base 10, what is -1272 + -2644?
-3916
In base 2, what is 1101000 + 110010100010010001?
110010100011111001
In base 12, what is 5 - 2819a7?
-2819a2
In base 4, what is 10213022 + -2000321?
2212101
In base 8, what is -74313266 - -14?
-74313252
In base 6, what is -203535154 - 13?
-203535211
In base 4, what is 311122200030 - -10?
311122200100
In base 6, what is -341223555 + 4?
-341223551
In base 13, what is 299558 + -17b?
2993aa
In base 4, what is -3000000132 + -11?
-3000000203
In base 13, what is 6 + -6a8050c?
-6a80506
In base 15, what is 45dac - 5?
45da7
In base 13, what is -96 - 752324?
-7523ba
In base 4, what is -220211 - -1130000?
303123
In base 11, what is 4a - -24841?
24890
In base 4, what is 23 + 220213332212?
220213332301
In base 4, what is 2130 - -30220330311?
30220333101
In base 7, what is -11236 + -12453?
-24022
In base 16, what is 4 + ea91678?
ea9167c
In base 2, what is -11111101011 + -10001110110010000?
-10010010101111011
In base 7, what is 31401 - 6166?
22202
In base 11, what is -7564a41 + 2?
-7564a3a
In base 10, what is 401560 - -17?
401577
In base 14, what is 7 + 97cb85a?
97cb863
In base 8, what is -5050440052 + -3?
-5050440055
In base 3, what is 202212002 - -1011211?
211000220
In base 9, what is -30636 - -442?
-30184
In base 2, what is -101101000101010100110 + 10010010?
-101101000101000010100
In base 8, what is -3430271 - -654?
-3427415
In base 4, what is -302010 - 1231301?
-2133311
In base 9, what is -60875 - -28?
-60846
In base 14, what is -156b20 + -5?
-156b25
In base 11, what is 1626385a - 3?
16263857
In base 4, what is 11 + 113311000311213?
113311000311230
In base 9, what is -567 + -8174?
-8752
In base 3, what is -102021112202 - 1001020?
-102022120222
In base 2, what is -110010110111000001 - -11100110001?
-110010011010010000
In base 7, what is 33 + 11310043?
11310106
In base 15, what is 1d01 + 1a?
1d1b
In base 7, what is 3164515031 + -5?
3164515023
In base 3, what is -110 + 2020120001210?
2020120001100
In base 10, what is 0 - -362412?
362412
In base 12, what is -73 + 295654?
2955a1
In base 5, what is 4344434033 - 130?
4344433403
In base 7, what is 2 - -26430506?
26430511
In base 13, what is 1257700 + -70?
1257660
In base 5, what is -3 - 20010413141?
-20010413144
In base 8, what is 4 + -15127352?
-15127346
In base 13, what is 2b1169 + 5?
2b1171
In base 10, what is -6 - -6210786?
6210780
In base 13, what is -52 + -61c274?
-61c2c6
In base 15, what is -a93b0e6 + 4?
-a93b0e2
In base 11, what is -2 - 3657207?
-3657209
In base 12, what is 9168 - -15a1?
a749
In base 12, what is -135867 + -25?
-135890
In base 8, what is -77206 - -1030?
-76156
In base 14, what is 13503 + cdd?
14402
In base 16, what is -2e1248 + 22?
-2e1226
In base 8, what is -23067007 + 2?
-23067005
In base 16, what is c - 5d698?
-5d68c
In base 7, what is 331 - 1662100?
-1661436
In base 7, what is 260243 - -5125?
265401
In base 15, what is 1 + -100931?
-100930
In base 12, what is 1508b + -39b?
148b0
In base 2, what is 101100110 + 1000100101001010?
1000101010110000
In base 7, what is 31406454 - 44?
31406410
In base 16, what is 45c8 - -2421?
69e9
In base 2, what is -1001110001010100011 - -101001001?
-1001110000101011010
In base 4, what is 23003333 + 12333?
23022332
In base 6, what is -12 - 14124545245?
-14124545301
In base 15, what is -cd6cb1c + 3?
-cd6cb19
In base 3, what is 22101 + 1021122010?
1021221111
In base 9, what is 1168 + 834371?
835550
In base 2, what is -110001100010010 - 10111010100?
-110100011100110
In base 12, what is 2672a692 - 3?
2672a68b
In base 14, what is -2 - -530b72?
530b70
In base 6, what is 104 + -20020430?
-20020322
In base 2, what is 10 + -110100001100100010101?
-110100001100100010011
In base 12, what is -2a - 58a04?
-58a32
In base 13, what is -8bc - 3824?
-4413
In base 10, what is 7 + -225457?
-225450
In base 2, what is -1101110111111101100 + 100?
-1101110111111101000
In base 12, what is 6 - a065b?
-a0655
In base 14, what is 1 - 3a78c3c3?
-3a78c3c2
In base 9, what is -832 - 10556?
-11488
In base 13, what is 1753a272 - 3?
1753a26c
In base 6, what is 201340204211 - 4?
201340204203
In base 9, what is -46 + -11368366?
-11368423
In base 10, what is -3 - -106729331?
106729328
In base 2, what is -1010 - 10000100000011110010?
-10000100000011111100
In base 10, what is 432298141 - -5?
432298146
In base 15, what is 5 - 329673?
-32966d
In base 6, what is -11 - -51255030?
51255015
In base 16, what is 0 - -833c700?
833c700
In base 9, what is 12243 - 60110?
-46756
In base 16, what is be5393 + 1?
be5394
In base 9, what is -11671020 - 4?
-11671024
In base 5, what is -11003443012 - 4?
-11003443021
In base 16, what is 3 - -76b5?
76b8
In base 6, what is 1005 + -33053504?
-33052455
In base 13, what is 5 - -150a56?
150a5b
In base 13, what is 8b0 + 2a9cc?
2b5ac
In base 10, what is 3959 - 591?
3368
In base 2, what is 10100001000011110110 + -1001110000?
10100000111010000110
In base 13, what is -2 + 12237791?
1223778c
In base 15, what is d34e4 - b?
d34d8
In base 15, what is -7 - 22edc?
-22ee4
In base 13, what is -48 + b47914?
b47899
In base 4, what is 2 - 12210213102121?
-12210213102113